f 69?
True
Is 34 a factor of 316320224?
True
Is 339405122 a multiple of 2338?
True
Is 1070 a factor of 1128648840?
True
Does 6 divide 476838312?
True
Is 98 a factor of 420486478?
False
Is 1093814207 a multiple of 661?
True
Is 167642392 a multiple of 6?
False
Does 55 divide 58958845?
True
Does 323 divide 1406796461?
True
Does 12 divide 92389168?
False
Is 404717884 a multiple of 4177?
True
Does 13 divide 23990096?
True
Is 61 a factor of 6182471?
False
Does 2400 divide 98773044?
False
Is 285 a factor of 497239170?
False
Is 1301 a factor of 258375237?
False
Is 1757420492 a multiple of 7198?
True
Is 4 a factor of 285680?
True
Is 230837815 a multiple of 5389?
True
Does 54 divide 640996061?
False
Does 6 divide 1273924258?
False
Does 22 divide 134206379?
False
Is 415 a factor of 7617740?
True
Is 2964805632 a multiple of 4608?
True
Is 10 a factor of 942483546?
False
Is 441505552 a multiple of 2527?
False
Is 277 a factor of 1335350?
False
Is 29492820 a multiple of 890?
True
Does 43 divide 558900584?
True
Is 10 a factor of 3667150?
True
Is 3716 a factor of 184261576?
True
Is 71797233 a multiple of 14?
False
Does 1673 divide 6579088?
False
Is 62753710 a multiple of 40?
False
Is 899 a factor of 583519879?
False
Is 17891489 a multiple of 5?
False
Is 21194810 a multiple of 910?
True
Does 52 divide 83942092?
True
Does 14 divide 41468245?
False
Is 2980 a factor of 123553780?
True
Is 257540713 a multiple of 25?
False
Is 13 a factor of 210747544?
False
Does 97 divide 452876290?
False
Is 1579777586 a multiple of 46?
True
Does 227 divide 207812613?
False
Does 19 divide 18800690?
True
Is 1331 a factor of 136713665?
True
Is 338283084 a multiple of 18?
False
Is 7 a factor of 360367906?
False
Is 52 a factor of 187500592?
False
Is 17 a factor of 583940474?
False
Is 48633205 a multiple of 21?
False
Does 104 divide 2711217704?
True
Is 43 a factor of 22432124?
False
Does 6726 divide 163252270?
False
Is 122965024 a multiple of 578?
False
Does 12 divide 297318948?
True
Does 78 divide 254752418?
False
Is 537957105 a multiple of 105?
True
Is 1017272958 a multiple of 8?
False
Is 72152080 a multiple of 917?
False
Is 280 a factor of 242702600?
True
Is 38 a factor of 519590720?
True
Is 29286387 a multiple of 39?
True
Is 254 a factor of 15759938?
True
Is 4365679560 a multiple of 15?
True
Is 9 a factor of 15547990?
False
Does 10 divide 42220249?
False
Is 113520012 a multiple of 327?
True
Is 816496 even?
True
Is 13024973 a multiple of 6?
False
Is 5146 a factor of 3304179918?
False
Is 42750813 a multiple of 82?
False
Is 4198081140 a multiple of 99?
True
Is 40683567 a multiple of 5081?
True
Is 164850011 a multiple of 143?
False
Is 33507704 a multiple of 262?
True
Is 24 a factor of 201813120?
True
Is 9950 a factor of 2816539255?
False
Is 500747154 a multiple of 17?
False
Does 1042 divide 359005470?
True
Does 9 divide 6407623?
False
Does 11 divide 20236433?
False
Is 1373 a factor of 22378054?
False
Is 1521183596 a multiple of 541?
False
Is 224293172 a multiple of 1513?
True
Does 1628 divide 2528844968?
False
Does 811 divide 92466667?
False
Is 622408820 a multiple of 4070?
True
Is 152018537 a multiple of 10?
False
Is 49166180 a multiple of 116?
False
Is 5812273893 a multiple of 10950?
False
Is 16174879 a multiple of 392?
False
Is 75 a factor of 2473031025?
True
Is 70851500 a multiple of 2806?
True
Does 866 divide 14945428?
True
Is 254843358 a multiple of 2481?
True
Is 2581388 a multiple of 19?
False
Is 920 a factor of 475905184?
False
Does 60 divide 4503982?
False
Is 218777702 a multiple of 13?
True
Is 91 a factor of 1291797182?
False
Does 230 divide 105267529?
False
Is 875250740 a multiple of 46?
True
Does 14 divide 720328?
True
Is 2214862314 a multiple of 669?
True
Is 113498258 a multiple of 399?
False
Is 198 a factor of 43080444?
True
Is 26308578 a multiple of 57?
True
Is 61890410 a multiple of 19?
True
Is 31 a factor of 2890860?
False
Is 1025554752 a multiple of 222?
True
Is 4428393 a multiple of 6?
False
Is 1512 a factor of 5957434?
False
Is 1142580568 a multiple of 18?
False
Does 10 divide 2516491876?
False
Is 81707490 a multiple of 633?
False
Is 5267 a factor of 611020328?
False
Is 176197137 a multiple of 6887?
False
Is 188 a factor of 93986652?
True
Does 2390 divide 32053827?
False
Is 778 a factor of 23454366?
True
Is 11 a factor of 73673853?
True
Does 7 divide 2178539881?
True
Does 7 divide 35438611?
False
Is 3523 a factor of 70706610?
True
Does 2152 divide 2106103550?
False
Is 898648471 a multiple of 72?
False
Is 5355467 a multiple of 297?
False
Is 36718070 a multiple of 149?
True
Does 1671 divide 709885917?
True
Does 3908 divide 3536575461?
False
Is 20 a factor of 271148193?
False
Does 3 divide 1486700?
False
Is 73270203 a multiple of 337?
True
Is 244 a factor of 2355837440?
False
Does 536 divide 324267136?
True
Is 108329312 a multiple of 40?
False
Is 45 a factor of 143897607?
False
Is 61 a factor of 184310402?
True
Does 525 divide 260485575?
True
Does 1312 divide 108433266?
False
Is 179687256 a multiple of 228?
True
Is 725938774 a multiple of 12?
False
Is 126224667 a multiple of 8?
False
Does 61 divide 37420633?
True
Is 119 a factor of 964024474?
True
Is 4 a factor of 5968724?
True
Is 9 a factor of 77959150?
False
Does 17 divide 27161461?
True
Does 9 divide 241614682?
False
Is 9 a factor of 156687174?
True
Is 68 a factor of 29680265?
False
Does 499 divide 63059348?
False
Is 694612715 a multiple of 2663?
False
Is 374 a factor of 1733737962?
True
Does 1564 divide 131758168?
False
Is 3336 a factor of 778832568?
True
Is 4 a factor of 16485228?
True
Is 3016348 a multiple of 116?
True
Does 337 divide 424579383?
False
Is 143 a factor of 997711?
True
Does 1939 divide 9499161?
True
Is 149 a factor of 115375289?
False
Is 29779036 a multiple of 1030?
False
Is 1361 a factor of 9252078?
True
Does 1588 divide 369543480?
True
Is 5469 a factor of 400713630?
True
Does 99 divide 316216791?
True
Is 1939672 a multiple of 38?
True
Does 8 divide 1016160227?
False
Does 6 divide 7095792?
True
Does 3 divide 396666370?
False
Is 30 a factor of 802942149?
False
Does 119 divide 159485232?
False
Is 374472664 a multiple of 1943?
False
Does 73 divide 489330880?
False
Is 274 a factor of 18553362?
True
Is 533750411 a multiple of 1250?
False
Is 3 a factor of 209386174?
False
Does 72 divide 485349840?
True
Does 12 divide 2678059354?
False
Is 1158 a factor of 4482658530?
True
Is 121454092 a multiple of 1583?
True
Is 12 a factor of 6799551?
False
Is 138405500 a multiple of 475?
True
Does 64 divide 3256020037?
False
Is 1247990147 a multiple of 29?
True
Is 3153024 a multiple of 42?
True
Is 1051 a factor of 233787593?
True
Is 68 a factor of 134182715?
False
Is 26341200 a multiple of 3240?
True
Does 104 divide 101090600?
True
Does 26 divide 2525277?
False
Does 208 divide 146162224?
True
Is 95 a factor of 1909626683?
False
Is 310 a factor of 1728749720?
True
Is 21 a factor of 262604479?
False
Is 673 a factor of 29552008?
False
Is 97814432 a multiple of 32?
True
Is 9733 a factor of 3035411244?
True
Does 16 divide 21320560?
True
Is 79 a factor of 214801632?
True
Is 97 a factor of 18110676?
True
Is 1949 a factor of 17991219?
True
Does 8 divide 78900848?
True
Does 2157 divide 30448212?
True
Is 5650293525 a multiple of 25?
True
Is 170026668 a multiple of 404?
False
Is 3 a factor of 283500634?
False
Is 93758429 a multiple of 107?
True
Does 464 divide 9570998?
False
Is 481328880 a multiple of 10?
True
Is 20 a factor of 31555104?
False
Does 41 divide 2593701?
True
Does 54 divide 756271572?
False
Is 114622210 a multiple of 660?
False
Is 113 a factor of 1413189?
False
Is 43710354 a multiple of 18?
True
Is 655745900 a multiple of 10?
True
Is 60 a factor of 6433920?
True
Is 188707092 a multiple of 4188?
True
Is 66792132 a multiple of 11?
True
Is 43 a factor of 39751334?
False
Is 773076662 a multiple of 8?
False
Is 63522690 a multiple of 462?
True
Is 3125 a factor of 603331250?
True
Is 13958126 a multiple of 283?
True
Is 508 a factor of 29205428?
True
Is 23 a factor of 281030376?
True
Is 855651038 a multiple of 2334?
False
Is 719397732 a multiple of 412?
True
Is 68113562 a multiple of 31?
False
Is 2377008891 a multiple of 322?
False
Is 1833631712 a multiple of 932?
True
Does 10 divide 14941196?
False
Is 513 a factor of 900264